{"id":4127,"date":"2016-08-16T23:26:05","date_gmt":"2016-08-16T21:26:05","guid":{"rendered":"http:\/\/qbk.pl\/blog\/?page_id=4127"},"modified":"2016-08-16T23:27:10","modified_gmt":"2016-08-16T21:27:10","slug":"galeria-w-drodze-sri-lanka","status":"publish","type":"page","link":"https:\/\/qbk.pl\/blog\/index.php\/galerie-w-drodze\/galeria-w-drodze-sri-lanka\/","title":{"rendered":"Galeria w Drodze \u2013 Sri Lanka"},"content":{"rendered":"<p>[swf src=&#8221;https:\/\/qbk.pl\/blog.inne\/Galeria_Metra_891_Glebicki_Kuba_Sri_Lanka.swf&#8221; height=&#8221;684&#8243; width=&#8221;990&#8243;]<\/p>\n<p>Warszawskie metro i autobusy, galeria CityINFOtv. 1-8 sierpnia 2016<\/p>\n<p>Wi\u0119cej zdj\u0119\u0107: <a href=\"https:\/\/jedziemydoazji.wordpress.com\/category\/sri-lanka-2\/\">https:\/\/jedziemydoazji.wordpress.com\/category\/sri-lanka-2\/<\/a><\/p>\n","protected":false},"excerpt":{"rendered":"<p>[swf src=&#8221;https:\/\/qbk.pl\/blog.inne\/Galeria_Metra_891_Glebicki_Kuba_Sri_Lanka.swf&#8221; height=&#8221;684&#8243; width=&#8221;990&#8243;] Warszawskie metro i autobusy, galeria CityINFOtv. 1-8 sierpnia 2016 Wi\u0119cej zdj\u0119\u0107: https:\/\/jedziemydoazji.wordpress.com\/category\/sri-lanka-2\/<\/p>\n","protected":false},"author":1,"featured_media":0,"parent":2001,"menu_order":0,"comment_status":"closed","ping_status":"closed","template":"","meta":{"footnotes":""},"class_list":["post-4127","page","type-page","status-publish","hentry","entry"],"_links":{"self":[{"href":"https:\/\/qbk.pl\/blog\/index.php\/wp-json\/wp\/v2\/pages\/4127","targetHints":{"allow":["GET"]}}],"collection":[{"href":"https:\/\/qbk.pl\/blog\/index.php\/wp-json\/wp\/v2\/pages"}],"about":[{"href":"https:\/\/qbk.pl\/blog\/index.php\/wp-json\/wp\/v2\/types\/page"}],"author":[{"embeddable":true,"href":"https:\/\/qbk.pl\/blog\/index.php\/wp-json\/wp\/v2\/users\/1"}],"replies":[{"embeddable":true,"href":"https:\/\/qbk.pl\/blog\/index.php\/wp-json\/wp\/v2\/comments?post=4127"}],"version-history":[{"count":2,"href":"https:\/\/qbk.pl\/blog\/index.php\/wp-json\/wp\/v2\/pages\/4127\/revisions"}],"predecessor-version":[{"id":4131,"href":"https:\/\/qbk.pl\/blog\/index.php\/wp-json\/wp\/v2\/pages\/4127\/revisions\/4131"}],"up":[{"embeddable":true,"href":"https:\/\/qbk.pl\/blog\/index.php\/wp-json\/wp\/v2\/pages\/2001"}],"wp:attachment":[{"href":"https:\/\/qbk.pl\/blog\/index.php\/wp-json\/wp\/v2\/media?parent=4127"}],"curies":[{"name":"wp","href":"https:\/\/api.w.org\/{rel}","templated":true}]}}